{"id":41,"date":"2019-08-30T08:18:00","date_gmt":"2019-08-30T08:18:00","guid":{"rendered":"https:\/\/Sorakersfolketshus.se\/?page_id=41"},"modified":"2025-11-06T11:29:21","modified_gmt":"2025-11-06T10:29:21","slug":"biograf-hjartat","status":"publish","type":"page","link":"https:\/\/Sorakersfolketshus.se\/?page_id=41","title":{"rendered":"Bio Hj\u00e4rtat"},"content":{"rendered":"\r\n<p><strong>H\u00f6gkvalitetsbio f\u00f6r bara 100 kr!<\/strong><\/p>\r\n\r\n\r\n\r\n<h2 class=\"wp-block-heading\"><strong>Digital biograf i S\u00f6r\u00e5ker &#8211; Biohj\u00e4rtat n\u00e4ra Dig<\/strong><\/h2>\r\n\r\n\r\n\r\n\r\n\r\n<p>Vi har en upprustad fin salong i biografen med 4K-projektor, Dolby digital 5.1-ljud, surround, ny filmduk.\u00a0DET \u00c4R EN GRYM, SUPERBRA BIOSALONG.\u00a0Vi \u00e4r lyckliga, stolta och tacksamma. Timr\u00e5 kommun har en toppsalong. En biograf\u00a0att vara stolta \u00f6ver.\u00a0<br \/><br \/>Vi vill visa ett brett och varierat filmutbud. H\u00e4r ska du ocks\u00e5 kunna se film som annars bara visats i storst\u00e4derna. Biografen har \u00f6kat publiksiffrorna med 158 procent. Med den digitala utrustningen har vi ocks\u00e5 m\u00f6jlighet att visa konsert, teater, opera, sportevenemang direkts\u00e4nd via satellit p\u00e5 en 9 meter bioduk.<br \/><br \/>T\u00e4nk dig att vara p\u00e5 plats i The Metropolitan opera i New York..( fast i S\u00f6r\u00e5ker). En upplevelse ut\u00f6ver det vanliga. 2004 fick S\u00f6r\u00e5kers Folkets Hus utm\u00e4rkelsen \u00c5rets Biograf.<br \/><br \/>V\u00e5rt ordinarie biobiljetts-pris \u00e4r 100 kr. Vissa filmer m\u00e5ste vi va dyrare p\u00e5, och andra f\u00f6rs\u00f6ker vi pruta p\u00e5. Varmt v\u00e4lkommen till en levande biograf. Kampen forts\u00e4tter f\u00f6r film i hela landet och den b\u00e4sta filmupplevelsen i Timr\u00e5<strong>.<\/strong><\/p>\r\n\r\n\r\n\r\n<h2 class=\"wp-block-heading\"><strong>\u00c5ldersgr\u00e4nser<\/strong><\/h2>\r\n\r\n\r\n\r\n<p>F\u00f6ljande \u00e5ldersgr\u00e4nser g\u00e4ller f\u00f6r bio. Vuxen \u00e4r en person \u00f6ver 18 \u00e5r.<strong><br \/><br \/>Barntill\u00e5tet<br \/><\/strong>Filmen f\u00e5r ses av alla \u00e5ldersgrupper, med eller utan vuxet s\u00e4llskap.<strong><br \/><br \/>Fr\u00e5n 7 \u00e5r<br \/><\/strong>Man\u00a0b\u00f6r vara minst 7 \u00e5r f\u00f6r att se filmen, i vuxet s\u00e4llskap f\u00e5r alla \u00e5ldersgrupper se den.<strong><br \/><br \/>Fr\u00e5n 11 \u00e5r<br \/><\/strong>Man\u00a0b\u00f6r vara minst 11 \u00e5r f\u00f6r att se filmen, i vuxet s\u00e4llskap f\u00e5r man vara minst 7 \u00e5r.<strong><br \/><br \/>Fr\u00e5n 15 \u00e5r<br \/><\/strong>Man b\u00f6r vara 15 \u00e5r f\u00f6r att se filmen,\u00a0men yngre\u00a0om vuxen \u00e4r n\u00e4rvarande.<\/p>\r\n","protected":false},"excerpt":{"rendered":"<p>H\u00f6gkvalitetsbio f\u00f6r bara 100 kr! Digital biograf i S\u00f6r\u00e5ker &#8211; Biohj\u00e4rtat n\u00e4ra Dig Vi har en upprustad fin salong i biografen med 4K-projektor, Dolby digital 5.1-ljud, surround, ny filmduk.\u00a0DET \u00c4R EN GRYM, SUPERBRA BIOSALONG.\u00a0Vi \u00e4r<\/p>\n","protected":false},"author":1,"featured_media":0,"parent":9,"menu_order":0,"comment_status":"closed","ping_status":"closed","template":"","meta":{"footnotes":""},"_links":{"self":[{"href":"https:\/\/Sorakersfolketshus.se\/index.php?rest_route=\/wp\/v2\/pages\/41"}],"collection":[{"href":"https:\/\/Sorakersfolketshus.se\/index.php?rest_route=\/wp\/v2\/pages"}],"about":[{"href":"https:\/\/Sorakersfolketshus.se\/index.php?rest_route=\/wp\/v2\/types\/page"}],"author":[{"embeddable":true,"href":"https:\/\/Sorakersfolketshus.se\/index.php?rest_route=\/wp\/v2\/users\/1"}],"replies":[{"embeddable":true,"href":"https:\/\/Sorakersfolketshus.se\/index.php?rest_route=%2Fwp%2Fv2%2Fcomments&post=41"}],"version-history":[{"count":9,"href":"https:\/\/Sorakersfolketshus.se\/index.php?rest_route=\/wp\/v2\/pages\/41\/revisions"}],"predecessor-version":[{"id":4222,"href":"https:\/\/Sorakersfolketshus.se\/index.php?rest_route=\/wp\/v2\/pages\/41\/revisions\/4222"}],"up":[{"embeddable":true,"href":"https:\/\/Sorakersfolketshus.se\/index.php?rest_route=\/wp\/v2\/pages\/9"}],"wp:attachment":[{"href":"https:\/\/Sorakersfolketshus.se\/index.php?rest_route=%2Fwp%2Fv2%2Fmedia&parent=41"}],"curies":[{"name":"wp","href":"https:\/\/api.w.org\/{rel}","templated":true}]}}

Bio Hjärtat

<p><strong>Högkvalitetsbio för bara 100 kr!</strong></p>



<h2 class="wp-block-heading"><strong>Digital biograf i Söråker &#8211; Biohjärtat nära Dig</strong></h2>





<p>Vi har en upprustad fin salong i biografen med 4K-projektor, Dolby digital 5.1-ljud, surround, ny filmduk. DET ÄR EN GRYM, SUPERBRA BIOSALONG. Vi är lyckliga, stolta och tacksamma. Timrå kommun har en toppsalong. En biograf att vara stolta över. <br /><br />Vi vill visa ett brett och varierat filmutbud. Här ska du också kunna se film som annars bara visats i storstäderna. Biografen har ökat publiksiffrorna med 158 procent. Med den digitala utrustningen har vi också möjlighet att visa konsert, teater, opera, sportevenemang direktsänd via satellit på en 9 meter bioduk.<br /><br />Tänk dig att vara på plats i The Metropolitan opera i New York..( fast i Söråker). En upplevelse utöver det vanliga. 2004 fick Söråkers Folkets Hus utmärkelsen Årets Biograf.<br /><br />Vårt ordinarie biobiljetts-pris är 100 kr. Vissa filmer måste vi va dyrare på, och andra försöker vi pruta på. Varmt välkommen till en levande biograf. Kampen fortsätter för film i hela landet och den bästa filmupplevelsen i Timrå<strong>.</strong></p>



<h2 class="wp-block-heading"><strong>Åldersgränser</strong></h2>



<p>Följande åldersgränser gäller för bio. Vuxen är en person över 18 år.<strong><br /><br />Barntillåtet<br /></strong>Filmen får ses av alla åldersgrupper, med eller utan vuxet sällskap.<strong><br /><br />Från 7 år<br /></strong>Man bör vara minst 7 år för att se filmen, i vuxet sällskap får alla åldersgrupper se den.<strong><br /><br />Från 11 år<br /></strong>Man bör vara minst 11 år för att se filmen, i vuxet sällskap får man vara minst 7 år.<strong><br /><br />Från 15 år<br /></strong>Man bör vara 15 år för att se filmen, men yngre om vuxen är närvarande.</p>

<p>Högkvalitetsbio för bara 100 kr! Digital biograf i Söråker &#8211; Biohjärtat nära Dig Vi har en upprustad fin salong i biografen med 4K-projektor, Dolby digital 5.1-ljud, surround, ny filmduk. DET ÄR EN GRYM, SUPERBRA BIOSALONG. Vi är</p>
